se 12.
158
111010001011 (base 2) to base 16
e8b
Convert 34114 (base 5) to base 4.
211221
1645 (base 10) to base 9
2227
What is -34100 (base 6) in base 3?
-20120100
Convert 1cbf (base 16) to base 14.
2979
What is 11111110110 (base 2) in base 8?
3766
Convert -53b (base 12) to base 2.
-1011111111
Convert -4018 (base 9) to base 7.
-11360
Convert -126 (base 8) to base 15.
-5b
Convert 101535 (base 7) to base 8.
42015
What is 527 (base 11) in base 4?
21322
-26222 (base 8) to base 15
-35aa
-100122 (base 3) to base 10
-260
-1101000 (base 3) to base 8
-1747
1215 (base 7) to base 3
121210
Convert 402 (base 8) to base 13.
16b
-2a3 (base 15) to base 6
-2443
4630 (base 8) to base 4
212120
Convert -1215 (base 6) to base 14.
-175
Convert 104341 (base 9) to base 13.
22441
What is -1410334 (base 5) in base 14?
-a724
What is 62 (base 12) in base 16?
4a
Convert 10305 (base 6) to base 3.
1221012
What is -246 (base 11) in base 7?
-565
-1177 (base 10) to base 12
-821
Convert 12333023 (base 4) to base 5.
1403434
Convert -894 (base 10) to base 12.
-626
Convert -47247 (base 8) to base 15.
-5e75
251345 (base 6) to base 8
53561
Convert -201102002 (base 3) to base 12.
-8232
What is -10100101 (base 2) in base 13?
-c9
What is -6375 (base 10) in base 7?
-24405
3033 (base 14) to base 4
2001111
-17f (base 16) to base 8
-577
Convert -410022 (base 5) to base 8.
-31521
Convert 1b65 (base 13) to base 2.
1000000101011
-1299 (base 10) to base 14
-68b
What is 449 (base 12) in base 14?
333
533 (base 8) to base 13
209
What is 1141 (base 10) in base 8?
2165
43310 (base 5) to base 4
232023
What is -638 (base 9) in base 12?
-375
Convert 1011011001 (base 2) to base 6.
3213
Convert -14d2 (base 14) to base 9.
-5074
-1020000212 (base 3) to base 9
-36025
What is 589 (base 13) in base 10?
958
Convert ba (base 13) to base 2.
10011001
What is -12636 (base 7) in base 15?
-1023
30042 (base 5) to base 14
997
Convert -2334013 (base 5) to base 10.
-43008
-a95a (base 16) to base 8
-124532
What is 48 (base 11) in base 13?
40
Convert -200022020 (base 3) to base 7.
-53622
Convert -15c (base 13) to base 4.
-3312
Convert -31343 (base 9) to base 6.
-235450
What is 3240 (base 5) in base 11?
375
What is -c24 (base 16) in base 15?
-dc3
Convert 1110001100110110 (base 2) to base 7.
331403
What is 223 (base 13) in base 8?
557
What is 449d (base 14) in base 2?
10111001111011
-1705 (base 11) to base 16
-887
What is -1bb88 (base 12) in base 5?
-2311212
What is -34765 (base 10) in base 3?
-1202200121
Convert 186 (base 16) to base 4.
12012
What is -427a (base 11) in base 8?
-13025
Convert 104477 (base 9) to base 6.
1200411
What is -dc0 (base 16) in base 7?
-13156
Convert 27128 (base 9) to base 7.
104306
Convert 22313 (base 5) to base 16.
62f
What is -1882 (base 12) in base 7?
-11453
Convert 55 (base 6) to base 12.
2b
-10a3a (base 13) to base 8
-73134
What is 2b9d (base 15) in base 5?
244443
What is 570 (base 12) in base 10?
804
What is -111110001 (base 2) in base 8?
-761
-151345 (base 6) to base 11
-aa81
What is 2bd (base 16) in base 6?
3125
-3715 (base 8) to base 3
-2201222
400401 (base 5) to base 11
9516
-7b3 (base 15) to base 10
-1743
Convert 1010101011 (base 2) to base 3.
221022
What is -6663 (base 11) in base 3?
-110001020
515 (base 12) to base 10
737
What is 212220 (base 3) in base 11?
537
740 (base 12) to base 14
556
Convert -72544 (base 8) to base 14.
-ad48
-3200100 (base 4) to base 6
-150240
Convert -2925 (base 16) to base 9.
-15403
Convert 9585 (base 12) to base 4.
3333311
Convert 60512 (base 7) to base 14.
54b2
Convert -4251 (base 15) to base 16.
-36ca
Convert -502 (base 10) to base 12.
-35a
What is 102021 (base 3) in base 9?
367
What is 1412222 (base 5) in base 8?
70606
What is 10300 (base 6) in base 2?
10101111100
200001 (base 3) to base 12
347
Convert 1110001 (base 3) to base 8.
2036
Convert 2401 (base 10) to base 2.
100101100001
Convert 101001011101111 (base 2) to base 4.
11023233
Convert 2402 (base 5) to base 2.
101100000
Convert -11827 (base 12) to base 13.
-a9c0
Convert 27019 (base 11) to base 7.
220410
Convert 13b9 (base 13) to base 15.
ca6
-10799 (base 10) to base 9
-15728
What is 11000110111110 (base 2) in base 14?
48d8
Convert 61157 (base 10) to base 8.
167345
What is 11410 (base 8) in base 13?
22aa
What is -1242 (base 15) in base 2?
-111100101111
-7ce2 (base 15) to base 8
-63651
-220002 (base 5) to base 3
-101021212
-131 (base 10) to base 4
-2003
-132340 (base 6) to base 12
-70b0
Convert -731 (base 9) to base 13.
-36a
What is a4a (base 13) in base 9?
2356
Convert -101100010111 (base 2) to base 5.
-42324
What is -44 (base 14) in base 5?
-220
3064 (base 7) to base 4
100303
-30045 (base 7) to base 8
-16104
2404011 (base 5) to base 15
d1a6
Convert 1011003 (base 4) to base 11.
3358
What is 231110 (base 4) in base 11?
21a7
Convert -2453 (base 7) to base 12.
-648
What is -599 (base 10) in base 11?
-4a5
What is 1102221 (base 3) in base 10?
1051
What is -701 (base 12) in base 4?
-33301
Convert -3230013 (base 4) to base 5.
-440421
10101111 (base 3) to base 10
2470
Convert 156 (base 14) to base 9.
332
What is 1685 (base 11) in base 9?
2848
What is -34431 (base 9) in base 16?
-59a7
What is 111001 (base 5) in base 9?
5276
Convert 9057 (base 12) to base 4.
3310003
4b5 (base 12) to base 4
23021
-155163 (base 7) to base 13
-10c26
-11500 (base 7) to base 8
-5655
Convert 1a88 (base 13) to base 5.
111444
What is 1741 (base 8) in base 12?
6a9
What is -200110112 (base 3) in base 15?
-3ec5
What is -448e (base 15) in base 4?
-3203012
Convert 21102 (base 6) to base 2.
101100011110
What is 10243 (base 8) in base 13?
1c28
-4b9 (base 15) to base 2
-10000110010
Convert -134110 (base 5) to base 8.
-12632
Convert 39423 (base 11) to base 14.
167b5
What is 1616 (base 7) in base 15?
2d5
Convert 838 (base 10) to base 11.
6a2
1804 (base 12) to base 8
5504
Convert -11343 (base 6) to base 16.
-66f
What is -3eaf (base 16) in base 8?
-37257
Convert 2445 (base 8) to base 9.
1723
273 (base 8) to base 16
bb
149 (base 14) to base 7
522
-232234 (base 5) to base 11
-6387
Convert 201520 (base 6) to base 13.
7359
What is -17126 (base 10) in base 12?
-9ab2
Convert 1444 (base 15) to base 16.
10f3
What is 1100111110 (base 2) in base 10?
830
What is -8624 (base 10) in base 2?
-10000110110000
3a60 (base 16) to base 2
11101001100000
Convert -4421 (base 8) to base 2.
-100100010001
What is 9924 (base 10) in base 7?
40635
Convert -d52b (base 14) to base 4.
-20331103
What is -12004 (base 6) in base 11?
-1335
-2531 (base 12) to base 14
-176d
Convert -1001011110110 (base 2) to base 4.
-1023312
Convert -5794 (base 16) to base 14.
-8256
-5154 (base 7) to base 2
-11100001011
-43200 (base 5) to base 7
-11346
Convert -111000101 (base 2) to base 3.
-121210
What is 3d88 (base 14) in base 9?
15851
What is 277 (base 8) in base 10?
191
Convert -de1 (base 16) to base 5.
-103203
Convert -166353 (base 7) to base 10.
-33456
15b1 (base 15) to base 12
284a
-203c (base 15) to base 3
-100100010
Convert -20055 (base 10) to base 9.
-30453
What is -1011001011000 (base 2) in base 16?
-1658
What is 10110100110 (base 2) in base 13?
873
4994 (base 13) to base 3
112022022
What is -12002212 (base 4) in base 7?
-132064
cc0b (base 14) to base 13
130a9
Convert -6021 (base 16) to base 12.
-122a9
Convert -101000101011 (base 2) to base 8.
-5053
322405 (base 6) to base 16
6785
Convert -120010012 (base 3) to base 4.
-2230031
-124215 (base 6) to base 3
-120112002
-10133200 (base 4) to base 7
-104434
-2663 (base 11) to base 2
-110110000001
Convert -2ab7 (base 14) to base 9.
-11384
What is 6636 (base 7) in base 12?
1463
What is 21998 (base 10) in base 11?
15589
Convert 1386 (base 12) to base 13.
1050
-23140 (base 5) to base 15
-765
Convert 433302 (base 5) to base 14.
5591
Convert 4913 (base 12) to base 7.
32655
What is -7fd0 (base 16) in base 2?
-111111111010000
-78c (base 14) to base 13
-8b1
What is 2828 (base 14) in base 11?
5368
Convert 14525 (base 11) to base 7.
114023
What is -140023 (base 5) in base 6?
-42034
21 (base 4) to base 7
12
-6448 (base 10) to base 3
-22211211
What is 20222 (base 3) in base 9?
228
What is -c6 (base 14) in base 5?
-1144
22486 (base 9) to base 4
3222012
-104 (base 16) to base 6
-1112
What is 806 (base 10) in base 3?
1002212
Convert -245 (base 10) to base 14